{"id":336,"date":"2016-05-17T08:01:02","date_gmt":"2016-05-17T08:01:02","guid":{"rendered":"http:\/\/demo.thememodern.com\/continal\/?page_id=336"},"modified":"2026-03-31T15:37:48","modified_gmt":"2026-03-31T15:37:48","slug":"sobre","status":"publish","type":"page","link":"https:\/\/dapeng.com.br\/index.php\/sobre\/","title":{"rendered":"Sobre"},"content":{"rendered":"<div class=\"wpb-content-wrapper\"><p>[vc_row fullwidth=&#8221;yes&#8221; css=&#8221;.vc_custom_1463472134979{padding-top: 50px !important;}&#8221;][vc_column][\/vc_column][\/vc_row][vc_row css=&#8221;.vc_custom_1731942293455{padding-top: 50px !important;padding-bottom: 75px !important;}&#8221;][vc_column width=&#8221;1\/2&#8243; css=&#8221;.vc_custom_1731942230809{padding-bottom: 0px !important;}&#8221;][vc_single_image image=&#8221;976&#8243; img_size=&#8221;580&#215;300&#8243; css=&#8221;&#8221;][\/vc_column][vc_column width=&#8221;1\/2&#8243;]\n\t\t\t<div class=\"features box4 \">\n\t\t\t<h4><i class=\"\"><\/i>Sobre n\u00f3s<\/h4>\n\t\t\t<p>Na DAPENG, somos mais que uma empresa de constru\u00e7\u00e3o civil \u2013 somos parceiros na realiza\u00e7\u00e3o de sonhos. Com sede em S\u00e3o Jos\u00e9 dos Campos e uma<br \/>\natua\u00e7\u00e3o destacada na regi\u00e3o, nosso foco est\u00e1 em obras residenciais de alto padr\u00e3o, comerciais e prediais.<br \/>\nDesde 2016, experi\u00eancia na execu\u00e7\u00e3o, administra\u00e7\u00e3o e<br \/>\nconsultoria de obras, sempre com uma equipe altamente qualificada.<br \/>\nEngenheiros, arquitetos e mestres de obras lideram cada projeto, garantindo<br \/>\nqualidade, cumprimento de prazos e transpar\u00eancia, oferecendo seguran\u00e7a e<br \/>\ntranquilidade a nossos clientes.<\/p>\t\t<\/div>\n\t\n\t\n[\/vc_column][\/vc_row][vc_row css=&#8221;.vc_custom_1731942293455{padding-top: 50px !important;padding-bottom: 75px !important;}&#8221;][vc_column width=&#8221;1\/2&#8243; css=&#8221;.vc_custom_1731942230809{padding-bottom: 0px !important;}&#8221;]\n\t\t\t<div class=\"features box4 \">\n\t\t\t<h4><i class=\"\"><\/i>Nossa hist\u00f3ria<\/h4>\n\t\t\t<p>Ao longo da nossa trajet\u00f3ria, constru\u00edmos um portf\u00f3lio s\u00f3lido, com obras executadas em condom\u00ednios de prest\u00edgio como Residencial Serimbura, Golfe I, II e III, Reserva do Parathy Sul e muitos outros. Nossa equipe est\u00e1 sempre em evolu\u00e7\u00e3o, assegurando o mais alto padr\u00e3o em cada etapa da constru\u00e7\u00e3o.<br \/>\nTrabalhamos com renomados arquitetos da regi\u00e3o, como Ohira, Otta Albernaz,<br \/>\nPasseri e Diego Castilho, destacando-nos pela qualidade, organiza\u00e7\u00e3o, respeito e transpar\u00eancia. Estamos prontos para continuar crescendo e superando as<br \/>\nexpectativas dos nossos clientes.<\/p>\t\t<\/div>\n\t\n\t\n[\/vc_column][vc_column width=&#8221;1\/2&#8243;][vc_single_image image=&#8221;880&#8243; img_size=&#8221;580&#215;300&#8243; css=&#8221;&#8221;][\/vc_column][\/vc_row][vc_row css=&#8221;.vc_custom_1751574172422{padding-top: 100px !important;padding-bottom: 100px !important;}&#8221; el_id=&#8221;sobre-missao&#8221;][vc_column width=&#8221;1\/3&#8243; css=&#8221;.vc_custom_1751574235291{background-color: #00000000 !important;}&#8221;]\n\t<div class=\"features\">\n\t\t\t\t\t<img decoding=\"async\" src=\"\" alt=\"\">\n\t\t\t\t<h4>Vis\u00e3o<\/h4>\n\t\t<p>Oferecer atendimento e soluc\u0327o\u0303es completas na prestac\u0327a\u0303o de servic\u0327os de construc\u0327a\u0303o civil, executados dentro de rigorosos padro\u0303es de qualidade, inovando continuamente, por meio de investimentos, novas tecnologias e qualificac\u0327o\u0303es de nossas equipes, visando sempre o aprimoramento constante dos nossos servic\u0327os e satisfac\u0327a\u0303o dos nossos clientes.<\/p>\t<\/div>\n\n[\/vc_column][vc_column width=&#8221;1\/3&#8243; css=&#8221;.vc_custom_1751574247466{background-color: #00000000 !important;}&#8221;]\n\t<div class=\"features\">\n\t\t\t\t\t<img decoding=\"async\" src=\"\" alt=\"\">\n\t\t\t\t<h4>Miss\u00e3o<\/h4>\n\t\t<p>Ser uma empresa li\u0301der em refere\u0302ncia no setor da construc\u0327a\u0303o civil, atendendo as demandas com uma estrutura competente e otimizada, superando as expectativas de nossos clientes, possibilitando assim um crescimento so\u0301lido e a consequente expansa\u0303o dos nossos servic\u0327os.<\/p>\t<\/div>\n\n[\/vc_column][vc_column width=&#8221;1\/3&#8243; css=&#8221;.vc_custom_1751574260997{background-color: #00000000 !important;}&#8221;]\n\t<div class=\"features\">\n\t\t\t\t\t<img decoding=\"async\" src=\"\" alt=\"\">\n\t\t\t\t<h4>Valores<\/h4>\n\t\t<p><strong>QUALIDADE:<\/strong> Em primeiro lugar, buscar o m\u00e1ximo de qualidade aprimorando sempre.<\/p>\n<p><strong>COMPROMISSO:<\/strong> Cumprir cronogramas, respeitando datas e prazos de entrega sempre com nosso melhor.<\/p>\n<p><strong>CUMPLICIDADE:<\/strong> Trabalhar em equipe, alinhados e com respeito mutuo.<\/p>\n<p><strong>VERSATILIDADE:<\/strong> Buscar se adaptar ao mercado, equipe diferenciada, novas t\u00e9cnicas construtivas e administrativas para atingir os objetivos.<\/p>\t<\/div>\n\n[\/vc_column][\/vc_row]<\/p>\n<\/div>","protected":false},"excerpt":{"rendered":"<p>[vc_row fullwidth=&#8221;yes&#8221; css=&#8221;.vc_custom_1463472134979{padding-top: 50px !important;}&#8221;][vc_column][\/vc_column][\/vc_row][vc_row css=&#8221;.vc_custom_1731942293455{padding-top: 50px !important;padding-bottom: 75px !important;}&#8221;][vc_column width=&#8221;1\/2&#8243; css=&#8221;.vc_custom_1731942230809{padding-bottom: 0px !important;}&#8221;][vc_single_image image=&#8221;976&#8243; img_size=&#8221;580&#215;300&#8243; css=&#8221;&#8221;][\/vc_column][vc_column width=&#8221;1\/2&#8243;][\/vc_column][\/vc_row][vc_row css=&#8221;.vc_custom_1731942293455{padding-top: 50px !important;padding-bottom: 75px !important;}&#8221;][vc_column width=&#8221;1\/2&#8243; css=&#8221;.vc_custom_1731942230809{padding-bottom: 0px !important;}&#8221;][\/vc_column][vc_column width=&#8221;1\/2&#8243;][vc_single_image image=&#8221;880&#8243; img_size=&#8221;580&#215;300&#8243; css=&#8221;&#8221;][\/vc_column][\/vc_row][vc_row css=&#8221;.vc_custom_1751574172422{padding-top: 100px !important;padding-bottom: 100px !important;}&#8221; el_id=&#8221;sobre-missao&#8221;][vc_column width=&#8221;1\/3&#8243; css=&#8221;.vc_custom_1751574235291{background-color: #00000000 !important;}&#8221;][\/vc_column][vc_column width=&#8221;1\/3&#8243; css=&#8221;.vc_custom_1751574247466{background-color: #00000000 !important;}&#8221;][\/vc_column][vc_column width=&#8221;1\/3&#8243; css=&#8221;.vc_custom_1751574260997{background-color: #00000000 !important;}&#8221;][\/vc_column][\/vc_row]<\/p>\n","protected":false},"author":1,"featured_media":0,"parent":0,"menu_order":0,"comment_status":"closed","ping_status":"closed","template":"page-templates\/template-fullwidth.php","meta":{"_joinchat":[],"footnotes":""},"class_list":["post-336","page","type-page","status-publish","hentry"],"_links":{"self":[{"href":"https:\/\/dapeng.com.br\/index.php\/wp-json\/wp\/v2\/pages\/336","targetHints":{"allow":["GET"]}}],"collection":[{"href":"https:\/\/dapeng.com.br\/index.php\/wp-json\/wp\/v2\/pages"}],"about":[{"href":"https:\/\/dapeng.com.br\/index.php\/wp-json\/wp\/v2\/types\/page"}],"author":[{"embeddable":true,"href":"https:\/\/dapeng.com.br\/index.php\/wp-json\/wp\/v2\/users\/1"}],"replies":[{"embeddable":true,"href":"https:\/\/dapeng.com.br\/index.php\/wp-json\/wp\/v2\/comments?post=336"}],"version-history":[{"count":26,"href":"https:\/\/dapeng.com.br\/index.php\/wp-json\/wp\/v2\/pages\/336\/revisions"}],"predecessor-version":[{"id":984,"href":"https:\/\/dapeng.com.br\/index.php\/wp-json\/wp\/v2\/pages\/336\/revisions\/984"}],"wp:attachment":[{"href":"https:\/\/dapeng.com.br\/index.php\/wp-json\/wp\/v2\/media?parent=336"}],"curies":[{"name":"wp","href":"https:\/\/api.w.org\/{rel}","templated":true}]}}